et u(b) = -12*b + 3. Give u(s).
-93
Let h(p) = -13*p**2 - 7. Let a(i) = 6*i**2 + 3. Let l(s) = 9*a(s) + 4*h(s). Let c = 2569 + -2570. Calculate l(c).
1
Suppose -6 = -2*w, 5*c + 0*w = w + 7. Let h(g) = -g**c - 3 + 30*g - 18*g - 20*g. Give h(-6).
9
Suppose 34 = -13*y - 4*y. Let p be (12/(-24))/(y/16). Let h(j) = -p + 4 - 13*j + 14*j - 14*j**2. Give h(-1).
-15
Let j(t) = 3*t**3 - 2*t**2 - 2*t - 1. Let h be j(-1). Let s(q) be the third derivative of q**5/60 + 5*q**4/24 - 5*q**3/6 + 4524*q**2. What is s(h)?
-9
Let a(k) = -k**3 - 9*k**2 + 11*k + 13. Suppose -7*j = 14*j - 63. Suppose -j*r - 3 = 0, 6*r = -3*n + 8*r - 28. Calculate a(n).
3
Let k(a) = 7*a**3 + 15*a**2 + a - 9. Let f(c) = -3*c**3 - 7*c**2 - c + 4. Let b(r) = 5*f(r) + 2*k(r). Let l = -467922 + 467919. Determine b(l).
-7
Suppose 5*d + 88 = 5*u + 98, 4*u = -3*d + 27. Let w(h) = h**3 - 3*h**2 + 3*h + 3. Calculate w(u).
12
Let o(y) = -18*y + 39*y + 1 - 12*y - 12*y - 2. Determine o(-2).
5
Let y(x) = 4*x**2 - 9*x - 87. Let p(j) = 970*j + 5826. Let h be p(-6). Give y(h).
3
Let d(j) = -5*j + 2. Let i be d(0). Let s = 12 + -11. Let t(c) = -c. Let x(p) = 3*p - 2. Let a(h) = i*t(h) + s*x(h). What is a(-2)?
-4
Let k be (-256)/3*(-13 - -1). Let z = -1025 + k. Let g(j) = -j**3 - j**2 - j + 1. What is g(z)?
2
Suppose 2*u - 1 - 5 = 0. Let o(s) = -7*s**3 - 2*s**2 + 4*s + 6. Let n(y) = 5*y**3 - 2*y - 5. Let g(q) = -3*n(q) - 2*o(q). Give g(u).
6
Let a(g) = -2*g**2 + 80*g - 560. Let h be a(9). Let y(m) = -m**3 + 0*m**2 + 0*m**2 + 2 - m. Determine y(h).
12
Let j(r) = 3*r**3 + r**2 - 4. Let f = -261 + 264. Let a(u) = -u**2 + 2*u**3 - 1 + 2*u**2 + 0*u**2 - 2. Let o(v) = f*j(v) - 4*a(v). Calculate o(-2).
-12
Let v(q) be the second derivative of -7*q**3/3 - 79*q**2/2 + 734*q. Give v(-6).
5
Suppose -3*q = q - 24. Let n(m) = 2*m - m**2 + m - 12 + q - 11*m + 2. Suppose 2*t + 21 = -t. Give n(t).
3
Let l be (0 + 3)*222/(-74). Let q(k) = 3*k**2 + 21*k + 4. Determine q(l).
58
Let k(a) = 436*a**3 - 10*a**2 + 9*a - 6. Let i(x) = 523*x**3 - 10*x**2 + 9*x - 5. Let d(v) = 5*i(v) - 6*k(v). Let u be 10/(-15) + 58/6. Give d(u).
11
Let k(w) be the second derivative of -w**5/20 - w**4 - w**3/6 - 3*w**2 + w. Let q = -423 + -419. Let r = -854 - q. Calculate k(r).
6
Let q(k) = -k - 3*k - 7 + 7*k**2 - k**3 + 0*k**3. Suppose 89 = -0*h + 75*h - 286. Give q(h).
23
Suppose 3*v - 461 = -467. Let m(c) = 1. Let l(s) be the third derivative of s**5/60 - s**4/6 - s**3/6 - s**2. Let p(o) = v*m(o) - l(o). What is p(5)?
-6
Let z(t) = 21*t - 181. Let w(f) = -28*f + 244. Let o(k) = 7*w(k) + 9*z(k). What is o(10)?
9
Let o = 35 + -33. Let j(f) = 3*f - 62. Let g(c) = -c + 22. Let s(w) = -17*g(w) - 6*j(w). Determine s(o).
-4
Let m(z) be the third derivative of -1/3*z**4 + 2/3*z**3 + 0*z + 8*z**2 - 1/60*z**5 - 14. Let x(n) = 8*n. Let g be x(-1). Calculate m(g).
4
Suppose -3*s = 4*h + 47, -4*s = -993*h + 996*h + 51. Let c(t) = 11*t + 27. Determine c(h).
-28
Let h(s) = 7*s + 60*s**2 - 70*s**2 - 7 - 2*s**2 + s**3. Give h(11).
-51
Suppose 0 = s + 5*n - 525 + 490, -7 = -5*s + 3*n. Let u(t) = 8*t - 4. Let l(x) = -2*x + 1. Let g(h) = -22*l(h) - 6*u(h). What is g(s)?
-18
Let n be 27/1 - ((24 - 9) + -6). Let s(v) = v**2 - 20*v + 22. Determine s(n).
-14
Let k(a) = 5*a - 4. Let m(h) = -2*h**2 + 5*h - 10. Let f be m(3). Let s(q) = -4*q - 55. Let v be s(f). Calculate k(v).
-19
Let g(z) = 2949*z**2 + 2944*z**2 + 13*z - 12 - 5892*z**2. Determine g(0).
-12
Let d(o) = -7*o**3 + 8*o**3 - 10*o**2 - 3 + 41 + 14 + 6. Give d(9).
-23
Let s(n) = 119*n + 637. Let k(w) = 10*w + 54. Let p(i) = 35*k(i) - 3*s(i). What is p(-4)?
7
Let f(s) = s**2 + 2*s + 42 - 14*s - 18. Let k be f(3). Let w(i) = i**3 + 3*i**2 + 2*i + 4. Give w(k).
-2
Let b(a) be the first derivative of -2*a**3/3 + a**2/2 + 4*a + 1383. Calculate b(4).
-24
Let f(a) = -128*a - 23. Let p(y) = 822*y + 138. Let k(i) = 13*f(i) + 2*p(i). Calculate k(-4).
57
Let h(d) = 5*d**2 - 6*d**2 - 12*d + 18 - 15 - 12. What is h(-12)?
-9
Let k be (8 - 41)*2/(-6). Let s(r) = r**3 - 12*r**2 + 12*r + 10. Calculate s(k).
21
Let k(w) = w**3 - 48*w**2 + 16*w + 2*w + 37*w**2 + 5*w - 5*w + 2. Determine k(9).
2
Suppose -7*n + 150 + 102 = 0. Suppose -12 = -8*m + n. Let k(j) = 6 - j + m*j - 2*j + j**2 + 4*j. Determine k(-4).
-6
Let p(r) = 1441*r - 67731. Let g be p(47). Let z(u) = -2*u - 5. Let c(k) = 5*k + 15. Let s(d) = -3*c(d) - 8*z(d). Calculate s(g).
-9
Let l(t) = 3 + 0 + 3*t + 0 - t**3 - 4*t**2. Suppose -189 = -9490*n + 9553*n. Give l(n).
-15
Let g(a) = 5*a + 35. Suppose -v - 467*j = -472*j, -5*v + 5*j = 20. Give g(v).
10
Let z(d) = 2*d - 2. Let p(q) = -q**3 - 16*q**2 - q - 17. Let l be p(-16). Let a be (-6)/(-4) - (0 + l/2). Suppose n - 2*v + 7 = 19, 0 = 2*n + a*v. Give z(n).
6
Let s(k) = k**3 - 7*k**2 - 8. Let b be 120 + -2 - (0 + -4 + 3). Suppose 17*t - b = -0*t. Calculate s(t).
-8
Let z(b) = -15*b - 3. Suppose -21*a + 19*a - 5 = -1. What is z(a)?
27
Let s(l) be the third derivative of 0*l + 0 - 157*l**2 + 1/6*l**3 + 23/24*l**4. What is s(-2)?
-45
Let y(h) be the second derivative of h**5/20 - 5*h**4/12 + h**3/2 + 2*h**2 + 2*h. Suppose -38*u + 5639 - 5525 = 0. Give y(u).
-5
Suppose 0 = m - 2, 2*d - 3*m - 40 = 58. Let j = 46 - d. Let i(o) = 4*o - 1. What is i(j)?
-25
Let r(d) = d**2 - 10*d + 6. Let c(p) = p**3 - p**2 - 3*p + 3. Let j be c(0). Suppose j = -2*k - 3*b, -k - b - 1 = -0*b. Suppose k = m - 14 + 5. Determine r(m).
-3
Let u(n) be the first derivative of -2*n**2 - 4*n - 58 + 2/3*n**3. Let r = 6 + -2. Give u(r).
12
Let g(w) be the first derivative of w**4/2 + 16*w**3/3 - 9*w - 1285. Give g(-8).
-9
Suppose 0 = -2*h + 3*h - 4*j + 8, -2*h = -2*j - 2. Suppose a - 135 = -133. Let q(x) = -2*x + 6*x**2 - 2 - 9*x**2 - 3*x**a + 7*x**2. Give q(h).
6
Suppose 2*t - 3 = -4*z + 5, t + 2 = 0. Let k(l) be the first derivative of 4*l**3/3 + 5*l**2/2 - 3*l + 39474. Calculate k(z).
48
Let b(g) be the second derivative of -g**4/12 + g**3 - 2*g**2 + 35298*g. Let q(u) = u**3 - 2*u**2 - 2*u + 3. Let x be q(3). Determine b(x).
-4
Let i = -334 + 402. Suppose -64*q + 68*q + i = 0. Let w(r) = r + 25. Give w(q).
8
Suppose 5*x - 77 = -n - 85, -4*n + 14 = -3*x. Let b(c) be the second derivative of -c**4/12 - c**3/6 + c**2 - 20*c. Give b(x).
0
Let l(x) = x**2 - 8*x + 4. Let j(y) = -y**3 - 14*y**2 - 25*y - 3. Let i be 3 - (-2 + 17 - 4) - 4. Let v be j(i). What is l(v)?
13
Suppose 0 = f - 5*f - 160. Suppose -103*s - 64*s + 6852 - 5 = 0. Let k = f + s. Let o(l) = 13*l**3 - 2*l + 1. What is o(k)?
12
Let s(j) = 1 - 1 - 2*j + 3*j. Suppose -4*w - 8 = -24. Suppose -w*k + 18 = 2*l, -4*k - 4*l + 24 = 8. What is s(k)?
5
Let f(j) be the third derivative of j**3 - 2*j**2 + 14 + 0*j - 1/24*j**4. Suppose 0*m - 2 = -m + 2*w, 0 = 3*w - 9. Give f(m).
-2
Let r(f) = -f**2 + 7*f + 11. Let p(i) = 2*i**3 - 2*i - 8. Let t be p(-2). Let u(b) = b**2 + 26*b + 129. Let y be u(t). Give r(y).
-7
Let g(k) = 6*k**2 - 376*k + 251. Let y be g(62). Let t(o) = -o + 8. Calculate t(y).
5
Let p(x) = x - 1. Suppose 0*u = 2*u - 58. Let b(v) = v**3 + 12*v**2 + 5*v + 38. Let l be b(-12). Let c = l + u. Determine p(c).
6
Let c = -9 + 436. Suppose 0 = -36*y + 41*y - 2115. Let b(k) = 2 - c*k - 2 + y*k. Give b(4).
-16
Let a(i) = i**3 + 14*i**2 + 11*i + 11. Let w be a(-14). Let y = w - -139. Let c(k) = -k**2 - 2*k + 2. What is c(y)?
-6
Let c(l) = -19*l + 7. Let o = 839 - 843. Let z(a) = 5*a - 1. Let b(r) = o*z(r) - c(r). What is b(-7)?
4
Let b(c) = -15*c - 3. Suppose -2*m - 26 + 18 = -q, 5*m = 2*q - 19. Calculate b(q).
-33
Let j(o) = -o**3 + 68*o**2 + 56*o + 928. Let q be j(69). Let d(p) = -p**3 + 30*p**2 + 31*p - 1. Give d(q).
-1
Suppose -4*d + 16 = -0*f + 2*f, 2*f - 2*d - 4 = 0. Let g be 3*f/(-66) - 14/(-77). Let y(x) = -2*x + 1. Determine y(g).
1
Let b(l) = l**2 + 8*l + 10. Suppose 59*y = 64*y - 30. Let q be -1*7 + (5 - y). What is b(q)?
10
Suppose -w - 120 = -4*u, -2*u + 5*w = -45 + 3. Let z(k) = 17 - u + 16 + k. Determine z(0).
2
Let n(w) = 15*w + 1. Let u(h) = 91*h + 3. Let r(k) = 6*n(k) - u(k). Suppose 3*j = 4*a + 21 + 18, 0 = 2*j - a - 26. Give r(j).
-10
Let u(y) be the third derivative of 25*y**4/12 + 272*y**3/3 + 184*y**2. Determine u(-11).
-6
Let z = -2601 - -2579. Let i(t) = t**3 + 23*t**2 + 21*t - 15. Calculate i(z).
7
Let d(n) be the third derivative of 0*n - 5/3*n**3 + 3*n**2 + 1/8*n**4 + 